 122*v + 922588. What are the prime factors of v?
2, 3, 1913
Suppose 49*l = -258418 + 907031. What are the prime factors of l?
7, 31, 61
Let s(a) = -66*a + 38. Let u(j) = 66*j - 31. Let m(q) = -6*s(q) - 5*u(q). What are the prime factors of m(9)?
521
Let i(w) = 150*w**2 - 4*w - 17. Let l be (-26)/8 - (8 + (-363)/44). What are the prime factors of i(l)?
5, 269
Let d(f) = 289*f - 858. List the prime factors of d(15).
3, 19, 61
Suppose -2*m - 3*m = 40. Let a = 40 + m. Suppose a*r + 430 = 34*r. List the prime factors of r.
5, 43
Let u be 165 - (0 - (-5 + 8)). Let r = u + -103. Suppose 9*f - 1829 = -r. What are the prime factors of f?
2, 7
Suppose 0 = -22*j + 32 + 12. Suppose -c - 30 = -3*c. Suppose -c = -m - j*m. List the prime factors of m.
5
Let c be 1/(-2) - 819/(-6). Suppose 4*f - 1299 = -b - c, 2*f + b = 581. What are the prime factors of f?
3, 97
Suppose 102*f + 12572 = 109*f. What are the prime factors of f?
2, 449
Let x = 6814 + -6813. Let j = -8 + 6. What are the prime factors of (15/10 - x)*(324 - j)?
163
Let a be 12/(-30) - (1 + 231/(-15)). Suppose 13*b = a*b - 282. What are the prime factors of b?
2, 3, 47
Let r(h) be the second derivative of -h**4/6 - 4*h**3/3 - h**2 - 21*h. Let x be r(-4). What are the prime factors of (-3 + 216)*1 - x?
5, 43
Suppose 0 = 3*f - 2*j + 4, 1 = -45*j + 44*j. Let w(n) be the third derivative of -41*n**4/24 - n**3 - n**2. What are the prime factors of w(f)?
2, 19
Let c(p) = -11*p**2 - 66*p - 71. Let w(x) = -9*x**2 - 65*x - 70. Let u(h) = -4*c(h) + 5*w(h). List the prime factors of u(-26).
2, 211
Suppose -b + 2*w + 2583 = -1141, -b - 3*w + 3734 = 0. List the prime factors of b.
2, 233
Let z = -14898 - -22266. What are the prime factors of z?
2, 3, 307
Suppose -283 = -2*s + 517. Suppose 0 = -6*d + 4*d + s. What are the prime factors of d?
2, 5
Let k be 18/(-6) + (-3 - -2)*-12. Suppose 31 + 734 = k*c. List the prime factors of c.
5, 17
Suppose 0 = -3*p - p - 3*y + 2, 5*y + 12 = p. Let z be (-3421)/(-22) - (-1)/p. Suppose -130 = -3*s - 0*r + 5*r, -z = -4*s - 2*r. List the prime factors of s.
2, 5
Suppose 2*l = -17*l + 3325. Suppose -2*n - 3*i + 360 = 0, 3*i = -n - i + l. What are the prime factors of n?
3, 61
Let k(m) = m - 8. Let j be k(10). Suppose 2*s - 10*w - 40 = -5*w, j*w = 8. Let r = s + -25. What are the prime factors of r?
5
Let n(c) = -43 - 53*c + 20*c + 14. Let v be n(-11). Suppose 4*i + 3*p - 531 = i, 2*i - 2*p - v = 0. What are the prime factors of i?
2, 43
Let q be ((-5)/(-1) + 0)*(-112)/(-280). Let b be (q - 20/16)*(14 - -2). Suppose 5*n = -y + 929, 2*y = -y + b. What are the prime factors of n?
5, 37
Let w = 8625 + -5565. What are the prime factors of w?
2, 3, 5, 17
Let o(r) be the first derivative of -93*r**2/2 - 9*r - 40. What are the prime factors of o(-6)?
3, 61
Suppose -106*b = -102*b - 8992. What are the prime factors of b?
2, 281
Let o(j) = j**2 + 8*j + 10. Let y(s) = -3*s**2 - 19*s - 19. Let f(a) = -7*o(a) - 3*y(a). Let c be (-20)/(-6) + 1/(-3). List the prime factors of f(c).
2
Suppose -171*b + 1023487 - 457593 = -809801. List the prime factors of b.
5, 1609
Let w(k) = 3*k**3 + 10*k**2 - k - 14. Let y(t) = 2*t**3 + 5*t**2 - 7. Let x(s) = 3*w(s) - 5*y(s). Let p be x(7). Let q = 189 + p. List the prime factors of q.
3, 7
Let d(n) = 10*n**3 - n**2. Let j be d(-1). Let s(o) = -o - 23. Let k(v) = -2*v - 23. Let r(f) = 5*k(f) - 6*s(f). List the prime factors of r(j).
67
Let m(t) = 700 - 160*t - 700. Suppose 5*f - r + 10 = -0*r, -f + 14 = 3*r. List the prime factors of m(f).
2, 5
Let s = 65 - 204. Let n = -28 - s. What are the prime factors of n?
3, 37
Suppose -10*o + 6*o = 3*l - 671, 0 = o + 4*l - 158. Suppose -5*f - 389 = -3*x, -78 - 59 = 2*f + 5*x. Let r = f + o. What are the prime factors of r?
2, 47
Let i be 272 - 6*2/(-4). Suppose 2565 = 179*j - 152*j. Let n = i - j. What are the prime factors of n?
2, 3, 5
Suppose 3*s + 40 = 7*s. Suppose 0 = s*w - 2300 + 210. Suppose -5*i = -2*l - w, 5*i = 3*l - 5*l + 201. List the prime factors of i.
41
List the prime factors of (9 + 3)*4*11/(33/434).
2, 7, 31
Let o be (-3)/1 + 2*(4 + 0). Let n(u) = 40*u**2 + 17*u + 10. What are the prime factors of n(o)?
3, 5, 73
Let u(j) = 5*j**2 - 108*j + 3530. What are the prime factors of u(48)?
2, 4933
Let z = -124 - -129. Suppose -r - 4*r - 217 = -v, z*r = 2*v - 414. What are the prime factors of v?
197
Suppose -234*d + 114*d - 181*d + 2879366 = 0. List the prime factors of d.
2, 4783
Let p = 405 - 156. Suppose 157*g - p = 156*g. List the prime factors of g.
3, 83
Let x(i) = -41*i - 755. Let z be x(-18). Suppose q + 1 = -0, -3*k - 2*q - 11 = 0. What are the prime factors of k - (z*2 - -1)?
2, 3, 5
Let g(z) = -z**2 - 10*z + 3. Let h be g(-9). Suppose -425 = 7*b - h*b + t, -2*b - t + 163 = 0. What are the prime factors of b?
2, 3, 7
Let t(q) = 6*q + 7. Let m be t(1). Suppose -m*z + 2832 = -z. Let s = z - 87. List the prime factors of s.
149
Suppose -12*i + 70 = 22. Suppose -i*t - 3*p + 1707 = 0, 4*p + 1728 = 5*t - t. What are the prime factors of t?
3, 11, 13
List the prime factors of (126/(-8))/((-315)/75180).
3, 7, 179
Suppose -2*p = -5*p - 186. Let z = p - -60. Let s(x) = 10*x**2 + 1. What are the prime factors of s(z)?
41
List the prime factors of -1117*(10 + 3 - 18 - (0 - 0)).
5, 1117
Let s(j) = -14*j**2 - 5*j + 47. Let a be s(6). Let y = -235 - a. What are the prime factors of y?
2, 3, 7
Let h = -2769 - -28477. List the prime factors of h.
2, 6427
Let p = 289 + -726. Let t = -254 - p. List the prime factors of t.
3, 61
Suppose 16626 = -15*w + 128541. What are the prime factors of w?
3, 829
Let n be 1626/27 + 4/(-18). Let a be -1 + n/(-2) + 4. List the prime factors of (-3)/(a/516) - (-2)/3.
2, 29
Suppose -222855 = 31*m - 83*m + 244469. What are the prime factors of m?
11, 19, 43
Suppose 107161 = -88*n + 1365121. List the prime factors of n.
3, 5, 953
Let x(w) = -w**3 + w**2 + 160. Let d be x(0). Let f be 4*(d/3 - (-2)/3). Suppose 5*c - 10 = 0, -c - 136 = -3*r + f. List the prime factors of r.
2, 59
Let q(l) = l**2 - 10*l + 19. Let y(r) = -8*r**3 - r - 1. Let f be y(-1). Let i be q(f). Suppose 0 = 5*x - i*x - 178. List the prime factors of x.
89
Let x(r) = 12*r - 18. Let k be x(3). Suppose y - 25 = -k. Suppose -128 - 481 = -y*i. What are the prime factors of i?
3, 29
Let t(w) be the second derivative of -31*w**3/6 - 233*w**2/2 - 5*w + 5. List the prime factors of t(-22).
449
Suppose -9746 = -5*l + 4*g, 2*g - 7802 = 61*l - 65*l. List the prime factors of l.
2, 3, 5, 13
Suppose 60*g = -83*g + 2*g + 10491528. List the prime factors of g.
2, 71, 131
Suppose 2*w = 10, 244693 - 79393 = 5*i + 2*w. What are the prime factors of i?
2, 16529
Suppose -4*t = 4*p - 27060, -9*t + 3*p = -7*t - 13510. List the prime factors of t.
6761
Suppose -3395 = -30*c + 2365. Suppose -c - 3720 = -2*z. What are the prime factors of z?
2, 3, 163
Let w be 4 + 35 + -7 - (0 + 2). Suppose 38*j = w*j + 3496. What are the prime factors of j?
19, 23
Let t(s) = -s + 3. Let d be t(3). Suppose -2*p + 1 = 11, 670 = 5*g - 2*p. Suppose d = -6*i + 10*i - g. List the prime factors of i.
3, 11
What are the prime factors of (-3 - (-13 - -23)) + 168?
5, 31
Let g = -1225 + 1454. Let q = 632 + -89. Suppose g + q = 4*z. List the prime factors of z.
193
What are the prime factors of ((-29780)/8)/(68/(-408))?
3, 5, 1489
Suppose 37 = -4*q + 5*q. Let g = -35 + q. Suppose 4*u = 2*k - 192, 4*k - 470 = -g*u - 46. What are the prime factors of k?
2, 13
Let r = 53 + -51. Suppose -3508 = -4*d + o, 0 = -r*d - 2*o + 261 + 1503. What are the prime factors of d?
2, 439
Suppose 15470 = 25*r - 8*r. Suppose r = 18*v - 2492. What are the prime factors of v?
3, 7
Suppose 10*o - 60 = -2*o. Suppose -2*f + 8*h + 1264 = 10*h, 0 = o*f - 4*h - 3151. What are the prime factors of f?
631
Suppose 24 - 6 = 2*j. Suppose -9025 = -j*a - 1204. What are the prime factors of a?
11, 79
Suppose 434*o = 199*o + 15525745. What are the prime factors of o?
66067
Let c be (9 + -10)/((-3)/4989). Let j = c - 1006. List the prime factors of j.
3, 73
What are the prime factors of (92590/329)/(2/28)?
2, 5, 197
Suppose -26*g = -8*g - 2376. Suppose -137*k + g*k + 2085 = 0. What are the prime factors of k?
3, 139
Let a(p) = -72*p - 31. Let t be a(-6). Let s = t - 260. Let b = 218 - s. List the prime fac